l - 48*l. Suppose s + 1 = 0, 22807 = 2*m - 20*s + l*s. Is m prime?
False
Let b(c) = -c + 1. Let f(o) = -8*o + 17. Let z(g) = 4*b(g) - f(g). Let w be z(4). Suppose 4678 = 2*r - 4*y, -2345 = -w*r + 2*r + 4*y. Is r a composite number?
False
Let g = 251159 + -58422. Is g prime?
True
Let q(t) = 228*t + 5. Let k(v) = 30551*v + 669. Let s(x) = 5*k(x) - 669*q(x). Let f be s(-1). Let a = -130 - f. Is a prime?
False
Suppose 0 = -6*k - 1320 + 64530. Suppose -5*t + 0*x + 4*x - k = 0, -x - 8449 = 4*t. Let y = t - -4290. Is y a composite number?
False
Let z(v) = 231*v + 5 - 237*v - v**2 + 0*v**2. Let c be z(-7). Is (-2)/(c*(-4)/(-2588)) a composite number?
False
Let g = 126881 + -38922. Is g prime?
True
Let z = 18916 + -3233. Is z a prime number?
True
Let z be 156/15 - (-20)/(-50). Is 0 - 7865/(-2) - z/(-4) composite?
True
Let f = -107 + 54. Let t = f + 57. Suppose -4992 = -t*y + 4*w, -y - 3*w - 460 + 1728 = 0. Is y composite?
True
Let s be 1/(-2)*6 + 5. Suppose -3*l - 3*g + 11536 = l, -4*l - s*g + 11540 = 0. Is l composite?
False
Suppose 0 = -z - 5*c + 452, c + 1404 = 3*z - 0*c. Let g(s) = -s**2 - 16*s + 5. Let d be g(-12). Suppose -54*u + z = -d*u. Is u composite?
False
Let l = -12 - -14. Suppose -2*r = 4, l*w = -2*r + 5*r + 11856. Suppose w = 2*a + 211. Is a a prime number?
True
Let k = -106487 - -243136. Is k composite?
False
Suppose -u + 5*c = c - 42878, 4*u + 5*c = 171512. Suppose 9*n - u = -13*n. Is n composite?
False
Let n be (-118 + -1)/((-12)/1500). Let q = n - -8554. Is q a prime number?
False
Is (-15931586)/(11 + -33) - (-1 - -11) prime?
True
Let u(g) = 270*g**2 - 5*g + 2. Let t(o) = -o**2 + 7*o + 3. Let h = 86 + -79. Let m be t(h). Is u(m) prime?
True
Suppose 2*q = -3*k, 0 = -4*q + 4*k + 17 + 3. Suppose -34*c + 35*c - q = 0. Suppose -c*h - 2*a + 746 = -1351, 2115 = 3*h - 4*a. Is h a prime number?
True
Suppose -5*g = -0*g - 190. Let d = 481 - g. Is d a composite number?
False
Let s(g) = 3*g + 31. Suppose 40 = -0*h - 4*h + 4*r, -5*r = 5*h + 70. Let k be s(h). Is 1/(k/(-34995)*3) composite?
False
Let b = -647 - -674. Is b/(-90) + (-735099)/(-30) composite?
True
Suppose -4*w = 15 + 9. Let i(l) = 252*l**3 + 5*l**2 + 6*l - 4. Let o(u) = -505*u**3 - 9*u**2 - 11*u + 7. Let c(s) = w*o(s) - 11*i(s). Is c(1) a prime number?
False
Let g(a) = 11*a**3 - a**2 - a - 1. Let p be g(-1). Let m = -7 - p. Suppose m*k + 925 = 4460. Is k prime?
False
Let p be -1*(5 + -1) - 13*-1. Suppose 4*g + 2*h = 27152, p*g - 4*g + 3*h - 33941 = 0. Is g a composite number?
True
Let k(l) = l**2 - 9*l - 9. Let y be k(7). Is y/(46/(-7356)) - 7 a prime number?
True
Let c(n) = 61*n**3 - 4*n**2 + 6*n - 11. Let m(p) = p**3 - 11*p**2 - 13*p + 15. Let o be m(12). Is c(o) composite?
True
Let m = 456 - 452. Suppose -11*k + 13*k + 5*l - 10278 = 0, l - m = 0. Is k a composite number?
True
Suppose -292*y + 575718 = -290*y - 4*u, -5 = u. Is y a prime number?
True
Let t = -100350 - -176281. Is t composite?
False
Let c be 14/1 - (-10 + 10). Let q(k) = 40*k + 2*k**3 - 21 - 19*k - k**3 + c*k**2 - 2*k**3. Is q(15) prime?
False
Suppose 0 = -5*j + 4*t - 23 - 22, -3*j + 3*t = 24. Let y(o) = -o**3 + o**2 + 14*o + 19. Is y(j) composite?
False
Let j be (-3)/2*2/(-3). Let x(c) = 58*c**3 + 25*c**2 - 13*c - 4. Let d(n) = -116*n**3 - 56*n**2 + 29*n + 9. Let b(h) = 4*d(h) + 9*x(h). Is b(j) composite?
True
Let u = -5106 + 22108. Is u composite?
True
Let g be ((-231)/(-35) - 7)*1110/(-2). Is (55 + g)/(10/(-11) - -1) a prime number?
False
Let b(w) = 24*w**2 - 37*w + 14. Let t = -230 - -243. Is b(t) composite?
True
Let c = 6414 - 1159. Suppose 3724 + c = 3*y. Is y prime?
False
Let c(v) = 70*v**3 - 5*v**2 + 7*v - 9. Let b be c(4). Let z = b + -2333. Let a = z + -305. Is a prime?
False
Let l = 14 - 76. Let u be (-1454)/(-12) + (102/36)/(-17). Let i = u + l. Is i prime?
True
Let f = -13619 - -24778. Is f a prime number?
True
Let w be (-5831)/34 - 2/(-4). Let g be ((-2)/(-3))/((-38)/w). Suppose -3*u + 2*u + 25 = g*q, -4*u - 2*q = -130. Is u prime?
False
Suppose 33 = 5*t - g, 0*g = -2*t - 4*g. Suppose 4*v - t = v, -2*p + 10662 = 4*v. Is p a prime number?
False
Let q = -945687 - -1326116. Is q a prime number?
False
Is (-15)/9*(2 + 1) + -1155 + 364083 a composite number?
True
Suppose 0 = -9*t + 6656 + 9238. Let w = 2881 - t. Is w a composite number?
True
Let k be (-19)/((-19)/22)*185/(-2). Let z = k + 3972. Is z a composite number?
True
Let g be 2*(-4 + (7 - -1)). Suppose g*r = 5*r + 261. Let i = r + 415. Is i a prime number?
False
Let x(b) = 53641*b - 1551. Is x(4) prime?
False
Let n = -1400 + 2820. Suppose 5*z = 2*o + 955 + n, -5*o - 475 = -z. Suppose 5*c - 28 + 8 = 0, -z = -5*u - 5*c. Is u a prime number?
False
Let h = 7543 + 129186. Is h composite?
True
Let k(b) = 119*b**2 + 38*b + 528. Is k(25) a composite number?
False
Let w = -326 + 329. Suppose -8*h = -w*h - 4*z - 13625, -3*z + 5427 = 2*h. Is h a composite number?
True
Suppose 194 + 376 = 30*d. Suppose d*r - 24*r = -115715. Is r composite?
False
Let q = 50 + -51. Let s be q + 14/10 + 310/(-25). Is 5013/5 - 5/(150/s) a composite number?
True
Let r = -171 - -175. Suppose -2*u = r*z - 61894, 8*z - 5*z + 154748 = 5*u. Is u a composite number?
False
Let f = -8984 - -21403. Is f a prime number?
False
Suppose 25 = -13*p + 18*p, 4*r + 2*p + 436438 = 0. Let l = r - -170983. Is l composite?
False
Let t = 326 + -31. Suppose 0 = -76*c + 65*c + 7832. Suppose t = l - c. Is l a prime number?
False
Suppose z + 10 = 3*n - 2*n, 2*z = -10. Suppose 12 = 4*a, 0 = -0*u - n*u + 3*a + 22411. Suppose -5*h + u = -h. Is h prime?
False
Let i(c) = -4*c**2 + 4*c + 7. Let h be i(4). Let s = h - -41. Suppose d - 639 = 5*u, -1957 = -3*d - s*d + 5*u. Is d a prime number?
True
Let l = -265 + 256. Is (0/1 + 3)*(-14331)/l a prime number?
False
Let z(l) = -10*l + 14 - 85*l**2 + 70*l**2 + 233*l**2. Let c be z(-8). Suppose -c = 2*y - 5*y. Is y a composite number?
True
Suppose -3*z - 57 = -12. Let u = z - -22. Suppose u*d = d + 1842. Is d prime?
True
Let o(h) = -h**3 - 10*h**2 - 52*h + 30. Suppose 6*b + 14*b = -440. Is o(b) a prime number?
False
Let v = -298 + 298. Is 1 + 2858 + v - (-36 - -41) composite?
True
Let t = 192642 - 103463. Is t composite?
True
Is (4 - 52/16)*(-7343736)/(-18) composite?
True
Let u(q) = 5*q - 19. Suppose 0 = 3*k - 0*k - 5*z - 5, -3*k = z - 17. Let f be u(k). Is 5694/36 + (-1)/f a prime number?
False
Let x = -12612 + 92683. Is x a composite number?
False
Suppose 2373161 = 64*x - 2888727. Is x a composite number?
False
Let c(j) = 240*j + 389. Is c(108) prime?
True
Let z(h) = h**3 - 4*h**2 - 41*h - 8. Let f be z(8). Is 2936/f*-2*10 prime?
False
Suppose 2*u - 4*u + g - 3 = 0, -4*u = 2*g - 6. Suppose u = 9*k - 17*k + 22856. Is k a composite number?
False
Suppose 577 = 3*t + 151. Let f = 929 - t. Is f a prime number?
True
Suppose 248647 = 5*w - 2*v, -45*w + 43*w + v = -99460. Is w a prime number?
True
Let z(d) = -92*d**3 + 1. Let f be z(1). Let c = 49 + f. Let v = c + 139. Is v a prime number?
True
Let c(r) = 171*r**3 + r + 3. Let b(q) = q**2 + 13*q + 33. Let n be b(-10). Let k be (-1)/(n/(-18)*3). Is c(k) a composite number?
False
Suppose -2117 = -40*n + 25923. Is n composite?
False
Let t(d) = -d**3 + 9*d**2 - 7*d + 20. Let z = -41 + 48. Let x be t(z). Suppose 363 - x = 6*n. Is n prime?
False
Let p(r) be the second derivative of -217*r**3/2 - 9*r**2/2 - 20*r. Is p(-2) a prime number?
False
Let y(s) be the third derivative of 29*s**5/40 - 29*s**4/24 + 25*s**3/6 + 20*s**2. Let p(n) be the first derivative of y(n). Is p(10) a prime number?
False
Let o(i) = -42093*i + 100. Is o(-7) a prime number?
True
Let x = 726 + -5818. Is 7/(x/(-1018) - 5) composite?
True
Let g = 7628 - 16555. Let m = g - -15268. Is m prime?
False
Suppose 0 = 28*w + 23219 - 1229823. Is w prime?
True
Suppose 0 = 5*q - 26*q - 20895. Let i = q + 2254. Is i composite?
False
Suppose 39*o + 745192 = 5374063. Is o a prime number?
False
Is 2/22 + 10484200/110 a prime number?
True
Let l(o) = 8*o**3 + 6*o**2 - 5*o - 1. Let m be l(1). Is -19004*(297/(-36) + m) a prime number?
True
Suppose -14*n + 46 = 18. Is -4 + (n - -6128) - (5 + 0) prime?
True
Suppose -71*o + 101970 = -76457 - 30384. Let n(c) = -44*c**3 + 2*c**2 + 5*c - 3. Let a be n(3). Let l = o + a. Is l a composite number?
False
Is (3165/660*11)/((1/(-1996))/(-1)) 